s) = -16*s**2 + 145*s + 738. Determine f(-4).
-98
Let n(a) = 1556*a + 168559. Determine n(-108).
511
Let p(m) = -m**3 - 20*m**2 + 195*m - 6. Determine p(-28).
806
Let k(c) = c**3 - 299*c**2 + 1760*c - 258102. Determine k(296).
10
Let b(l) = -2130*l**3 - 39*l**2 + 37*l + 1. Calculate b(1).
-2131
Let x(p) = -23*p**2 - 1529*p + 5668. Calculate x(-70).
-2
Let b(f) = -141*f + 3334. Determine b(15).
1219
Let w(j) = 18*j**2 + 219*j + 516. Determine w(-3).
21
Let t(b) = 44*b**3 - 28*b**2 + 51*b + 6. Give t(2).
348
Let c(k) = -754339*k - 30927902. Calculate c(-41).
-3
Let c(j) = 2918*j + 35137. Determine c(-12).
121
Let y(z) = -208*z + 55971. Give y(269).
19
Let u(m) = 156*m**2 + 550*m + 43. Calculate u(-2).
-433
Let u(p) = -2813*p - 59087. Give u(-21).
-14
Let s(b) = -17392*b + 121756. Determine s(7).
12
Let k(h) = h**2 - 1058*h + 13596. Determine k(13).
11
Let k(i) = 205*i + 1385. What is k(-11)?
-870
Let m(x) = 2*x**3 + 22*x**2 - 563*x - 7899. Determine m(-13).
-1256
Let k(b) = -11874*b + 35742. Calculate k(3).
120
Let f(n) = n**3 - 69*n**2 - 1458*n + 23. What is f(86)?
367
Let s(t) = 384*t - 122097. What is s(321)?
1167
Let c(z) = 8*z**2 - 19*z + 20. Give c(-2).
90
Let t(g) = 4*g**2 + 2280*g - 23151. Calculate t(-580).
49
Let g(n) = 2*n**2 + 978*n - 168464. Give g(135).
16
Let w(a) = 104*a**2 - 624*a - 1737. Determine w(8).
-73
Let r(x) = x**3 + 596*x**2 - 647*x - 385567. What is r(-596)?
45
Let a(h) = 178309*h + 713247. Determine a(-4).
11
Let c(r) = r**3 - 11*r**2 + 777*r - 8437. What is c(11)?
110
Let y(a) = -126*a + 19314. Calculate y(157).
-468
Let r(p) = -p**2 + 11644*p + 1304795. What is r(-111)?
-10
Let z(y) = 594*y**2 - 2963*y - 35. Calculate z(5).
0
Let y(n) = n**2 + 42089*n + 7627081. What is y(-182)?
7
Let q(k) = 2*k**2 - 46979*k - 375944. What is q(-8)?
16
Let s(q) = -3296548*q + 19779256. Calculate s(6).
-32
Let m(s) = -s**2 + 10926*s + 361655. Calculate m(-33).
8
Let o(r) = 524*r - 1563. Calculate o(3).
9
Let i(z) = -z**3 + 128*z**2 + 282*z + 14544. What is i(131)?
3
Let b(d) = 8*d**2 - 306*d - 161. Calculate b(38).
-237
Let i(q) = q**3 + 12*q**2 + 2244*q + 15488. What is i(-7)?
25
Let o(p) = 2*p**3 - 174*p**2 - 140*p - 1940. Give o(88).
1228
Let z(h) = -9539*h + 57327. Determine z(6).
93
Let d(u) = -8*u**3 + 949*u**2 + 17234*u + 35. Give d(-16).
3
Let x(h) = 3*h**3 + 169*h**2 - 1370*h - 79871. Calculate x(-56).
-15
Let x(k) = -6480*k + 64811. What is x(10)?
11
Let k(b) = b**2 - 6402*b + 2439977. What is k(407)?
12
Let m(z) = 5*z**2 - 176*z - 213. Determine m(36).
-69
Let h(m) = -21*m**2 + 39*m + 45. Give h(-4).
-447
Let i(x) = x**3 - 678*x**2 - 13973*x - 33. Calculate i(-20).
227
Let j(v) = 4*v**3 + 364*v**2 + 2434*v + 6880. What is j(-84)?
-8
Let z(l) = 5*l**2 + 90*l + 397. Determine z(-18).
397
Let s(z) = -14*z**2 + 8361*z - 26738. Calculate s(594).
-8
Let m(d) = 43*d**2 + 9*d - 3587. Give m(11).
1715
Let i(s) = -9*s**3 - 279*s**2 + 293*s + 79. Give i(-32).
-81
Let k(h) = -5423*h + 63364. Give k(12).
-1712
Let h(o) = -o**3 - 36*o**2 + 415*o + 321. Give h(-45).
-129
Let o(t) = -26*t**2 - 88*t - 209. What is o(-7)?
-867
Let b(w) = 1811*w + 735133. Calculate b(-406).
-133
Let d(y) = -y**3 - 63*y**2 - 338*y - 2396. Give d(-58).
388
Let p(f) = 102581*f + 205171. Give p(-2).
9
Let s(u) = -6643*u + 6149. Determine s(1).
-494
Let w(f) = -915*f + 85167. Give w(93).
72
Let p(z) = z**3 - 218*z**2 - 897*z + 1707. Determine p(222).
-291
Let y(t) = -5*t**3 + 82*t**2 - 23*t - 197. Give y(16).
-53
Let q(a) = -a**3 - 59*a**2 + 318*a - 204. Give q(-64).
-76
Let i(w) = -2*w**3 + 46*w**2 + 135*w + 529. What is i(26)?
-17
Let j(u) = -74*u**2 - 277*u + 566. What is j(2)?
-284
Let b(d) = 37704*d - 70. Give b(0).
-70
Let h(q) = -8112611*q - 64900893. Calculate h(-8).
-5
Let y(d) = 284351*d + 1421755. Determine y(-5).
0
Let w(d) = -23352*d + 3432723. Give w(147).
-21
Let s(y) = -y**2 - 2174*y - 21649. What is s(-10)?
-9
Let i(n) = -15*n**3 + 784*n**2 + 5236*n - 16. Calculate i(-6).
32
Let v(s) = 76*s**3 - 988*s**2 - 49*s + 666. Determine v(13).
29
Let d(g) = -g**2 - 7370*g + 44174. What is d(6)?
-82
Let z(a) = -3*a**3 + 513*a**2 + 2*a - 312. Calculate z(171).
30
Let q(z) = 5*z**3 - 977*z**2 - 3583*z + 95. What is q(199)?
-104
Let v(z) = -9*z**2 - 1567*z + 2992. Calculate v(-176).
0
Let p(w) = -7*w**2 + 119*w - 81. Determine p(6).
381
Let d(u) = 1696*u - 4460. Calculate d(2).
-1068
Let v(a) = 5*a**3 + 1404*a**2 - 253*a + 7654. Give v(-281).
-214
Let j(n) = -48*n**3 + 6*n**2 - 13*n - 45. What is j(-3)?
1344
Let y(t) = -t**3 - 92*t**2 + 473*t + 17859. Determine y(-95).
-1
Let d(f) = -22*f**2 + 91*f - 37. Determine d(7).
-478
Let j(t) = -t**2 + 5063*t - 1415497. Calculate j(297).
5
Let b(z) = 3*z**3 - 59*z**2 - 138*z + 3595. Determine b(9).
-239
Let z(w) = w**3 - 191*w**2 - 379*w - 1353. What is z(193)?
-2
Let c(i) = i**3 - 173*i**2 + 819*i - 24158. What is c(169)?
9
Let f(y) = -15*y**3 - 335*y**2 + 249*y - 56. Calculate f(-23).
-493
Let m(z) = -z**2 - 7623*z + 283029. Determine m(37).
-391
Let x(i) = 254*i - 32516. Determine x(128).
-4
Let j(d) = -17*d**3 - 1208*d**2 - 75*d + 111. Calculate j(-71).
395
Let k(m) = -1275*m**3 + 37*m**2 + 55*m + 19. Calculate k(-1).
1276
Let q(k) = -k**3 - 171*k**2 + 985*k + 464. Give q(6).
2
Let p(l) = 349*l + 32477. Determine p(-88).
1765
Let f(h) = -3*h**2 - 638*h - 966. Determine f(-213).
-1179
Let y(z) = -84*z**2 + 2293*z + 289. What is y(28)?
-1363
Let p(k) = -17*k**3 - 1481*k**2 - 7136*k - 160. What is p(-82)?
4
Let h(y) = 25*y**2 - 456*y + 3669. Calculate h(10).
1609
Let r(t) = -444*t**2 + 91*t + 87. Give r(-1).
-448
Let a(m) = m**3 - 907*m**2 + 18793*m - 165688. Determine a(886).
-6
Let g(y) = 27*y**2 - 5219*y + 20691. Calculate g(4).
247
Let p(f) = 54*f + 137. Determine p(-13).
-565
Let n(a) = -7*a**3 + 128*a**2 + 8*a - 188. Give n(17).
2549
Let g(o) = 428*o + 4245. Determine g(-7).
1249
Let i(l) = -l**3 - 123*l**2 + 58*l + 7127. Calculate i(-123).
-7
Let f(a) = -2572*a - 121152. Calculate f(-47).
-268
Let o(n) = -32*n**2 - 2770*n + 69. What is o(-87)?
-1149
Let q(l) = 283*l + 58334. Give q(-211).
-1379
Let d(y) = 6*y - 97. Give d(-15).
-187
Let d(g) = -g**2 - 15365*g - 811559. Calculate d(-53).
-23
Let q(w) = -115*w**2 + 267*w - 378. Give q(2).
-304
Let a(k) = -1779198*k + 26687972. Give a(15).
2
Let n(c) = -3*c**3 - 2195*c**2 + 17741*c + 76. Calculate n(8).
-12
Let u(b) = b**2 + 95*b + 2487. Determine u(-88).
1871
Let v(y) = -95*y**2 - 266*y + 2798. Determine v(-7).
5
Let a(r) = 11374*r**2 - 11378*r - 1. Determine a(1).
-5
Let r(w) = 2*w**3 - 228*w**2 - 294*w + 7149. Calculate r(115).
-211
Let d(f) = -104*f**3 - 2387*f**2 + 53*f - 1428. What is d(-23)?
-2
Let m(d) = -10*d**2 - 194*d - 755. What is m(-30)?
-3935
Let z(h) = -3*h**2 - 106*h + 14027. Calculate z(53).
-18
Let u(z) = -3*z**2 + 369*z + 62119. What is u(218)?
-11
Let g(a) = -98888*a - 593374. Calculate g(-6).
-46
Let l(m) = 9*m**3 - 631*m**2 + 94*m - 1473. Calculate l(70).
207
Let c(w) = -w**3 + 232*w**2 + 22640*w - 296. Calculate c(-74).
0
Let g(v) = v**3 + 15*v**2 - 10457*v - 782. What is g(-110)?
-12
Let x(s) = -847*s - 9581. Determine x(-11).
-264
Let o(j) = -35*j**2 + 16469*j - 25320. Calculate o(469).
6
Let n(j) = 196811*j - 1968088. Determine n(10).
22
Let t(r) = 2*r**3 + r**2 + 994*r + 13180. What is t(-11)?
-295
Let q(t) = 7*t**3 + 91*t**2 + 560*t - 40. Calculate q(-7).
-1902
Let d(k) = 2*k**3 + 254*k**2 - 71*k - 40681. Give d(-126).
17
Let n(b) = -48*b**2 - 68*b + 5. Give n(-3).
-223
Let y(a) = -a**3 + 393*a**2 + 4850*a + 4043. Calculate y(405).
-7
Let p(l) = 16*l - 1726. What is p(109)?
18
Let p(c) = -50*c + 414. Give p(6).
114
Let t(p) = 147*p + 5432. Calculate t(-42).
-742
Let i(u) = -373*u - 6991. Calculate i(-19).
96
Let o(i) = i**3 - 103*i**2 + 81*i - 873. Determine o(0).
-873
Let z(v) = 79281*v + 1347782. Calculate z(-17).
5
Let o(z) = 10*z**2 - 336*z + 960. Determine o(30).
-120
Let b(q) = 529*q - 3776. Give b(9).
985
Let h(c) = 5156*c - 13977. What is h(3)?
1491
Let o(j) = 16*j**2 + 50*j + 54. Calculate o(-3).
48
Let w(d) = -3*d**2 + 271*d + 1712. What is w(-7)?
-332
Let j(r) = 4*r**3 - 85*r**2 - 348*r - 269. Calculate j(-1).
-10
Let s(u) = -5*u**3 + 1339*u**2 + 8532*u - 10411. What is s(274)?
1
Let w(x) = 639*x + 141274. Calculate w